{"id":1039,"date":"2024-05-19T17:15:40","date_gmt":"2024-05-19T15:15:40","guid":{"rendered":"https:\/\/fondazionecarloacutis.webelements.it\/privacy-policy\/"},"modified":"2024-09-16T10:37:04","modified_gmt":"2024-09-16T08:37:04","slug":"privacy-policy","status":"publish","type":"page","link":"https:\/\/fondazionecarloacutis.webelements.it\/es\/privacy-policy\/","title":{"rendered":"Politica de privacidad"},"content":{"rendered":"<div class=\"fca-spacer spacer-block_c8e0868dad032dff17b6cc28efd1b0e0\"  style=\"--height: 20px; --heightTablet: 20px; --heightMobile: 20px;\"><\/div>\n\n\n<p>En esta secci\u00f3n, la Fundaci\u00f3n Carlo Acutis ONLUS informa a sus interesados, donantes, usuarios del sitio y a otras personas f\u00edsicas con las que mantiene relaciones directas o indirectas (en adelante, \u00abInteresados\u00bb) sobre c\u00f3mo y para qu\u00e9 fines trata los datos personales as\u00ed como sobre la forma de ejercer el correspondiente derecho de privacidad. La transparencia es el concepto clave que inspira los contenidos de esta Secci\u00f3n y que orienta su selecci\u00f3n y la forma de comunicaci\u00f3n elegida. Tambi\u00e9n se indican los canales y las formas establecidas para ponerse en contacto con el Responsable del tratamiento (Fundaci\u00f3n Carlo Acutis ONLUS) y con el Encargado de la protecci\u00f3n de los datos para cuestiones relacionadas con la privacidad.\u00a0En virtud de los art\u00edculos 13\/14 del Reglamento UE 2016\/679, en esta p\u00e1gina se publican las versiones m\u00e1s actualizadas de la pol\u00edtica de privacidad adoptada por la Fundaci\u00f3n Carlo Acutis ONLUS para el tratamiento de los datos personales en el marco de su actividad institucional.<\/p>\n\n\n<div class=\"fca-spacer spacer-block_66888999196a7017ea82a387e28f546d\"  style=\"--height: 35px; --heightTablet: 35px; --heightMobile: 35px;\"><\/div>\n\n<section class=\"fca-files files-block_6ea3ca3657e4df360d52418bd6608f03\" >\t<div class=\"title\">Politica de privacidad<\/div>\t<div class=\"body\"><a href=\"https:\/\/fondazionecarloacutis.webelements.it\/wp-content\/uploads\/2024\/08\/PRIVACY-POLICY-PER-VISITATORI-SITO-Espanol.pdf\" target=\"_blank\" class=\"row\" style=\"--bg: var(--gradient);\">\t<div class=\"file-icon\">\t\t<img decoding=\"async\" alt=\"file-icon\" src=\"https:\/\/fondazionecarloacutis.webelements.it\/wp-content\/themes\/fondazionecarloacutis\/assets\/img\/pdf.svg\">\t<\/div>\t<div class=\"file-name\">Sitio web de fondazionecarloacutis.org<\/div>\t<img decoding=\"async\" alt=\"download-icon\" src=\"https:\/\/fondazionecarloacutis.webelements.it\/wp-content\/themes\/fondazionecarloacutis\/assets\/img\/download.svg\" class=\"download-icon\"><\/a>\t<\/div><\/section>\n\n<div class=\"fca-spacer spacer-block_b524145032c65de3ce4258c8ccb20954\"  style=\"--height: 70px; --heightTablet: 70px; --heightMobile: 70px;\"><\/div>","protected":false},"excerpt":{"rendered":"<p>En esta secci\u00f3n, la Fundaci\u00f3n Carlo Acutis ONLUS informa a sus interesados, donantes, usuarios del sitio y a otras personas f\u00edsicas con las que mantiene relaciones directas o indirectas (en adelante, \u00abInteresados\u00bb) sobre c\u00f3mo y para qu\u00e9 fines trata los datos personales as\u00ed como sobre la forma de ejercer el correspondiente derecho de privacidad. La [&hellip;]<\/p>\n","protected":false},"author":1,"featured_media":0,"parent":0,"menu_order":0,"comment_status":"closed","ping_status":"open","template":"","meta":{"_acf_changed":false,"inline_featured_image":false,"_themeisle_gutenberg_block_has_review":false,"footnotes":""},"class_list":["post-1039","page","type-page","status-publish","hentry"],"acf":{"revslider":"","sottotitolo":"","titolo":"","colore_titolo":"#FFFFFF","velatura":"rgba(35,31,32,0)","style":""},"yoast_head":"<!-- This site is optimized with the Yoast SEO plugin v23.4 - https:\/\/yoast.com\/wordpress\/plugins\/seo\/ -->\n<title>Politica de privacidad - Fondazione Carlo Acutis<\/title>\n<meta name=\"robots\" content=\"noindex, follow, max-snippet:-1, max-image-preview:large, max-video-preview:-1\" \/>\n<meta property=\"og:locale\" content=\"es_ES\" \/>\n<meta property=\"og:type\" content=\"article\" \/>\n<meta property=\"og:title\" content=\"Politica de privacidad - Fondazione Carlo Acutis\" \/>\n<meta property=\"og:description\" content=\"En esta secci\u00f3n, la Fundaci\u00f3n Carlo Acutis ONLUS informa a sus interesados, donantes, usuarios del sitio y a otras personas f\u00edsicas con las que mantiene relaciones directas o indirectas (en adelante, \u00abInteresados\u00bb) sobre c\u00f3mo y para qu\u00e9 fines trata los datos personales as\u00ed como sobre la forma de ejercer el correspondiente derecho de privacidad. La [&hellip;]\" \/>\n<meta property=\"og:url\" content=\"https:\/\/fondazionecarloacutis.webelements.it\/es\/privacy-policy\/\" \/>\n<meta property=\"og:site_name\" content=\"Fondazione Carlo Acutis\" \/>\n<meta property=\"article:modified_time\" content=\"2024-09-16T08:37:04+00:00\" \/>\n<meta name=\"twitter:card\" content=\"summary_large_image\" \/>\n<meta name=\"twitter:label1\" content=\"Tiempo de lectura\" \/>\n\t<meta name=\"twitter:data1\" content=\"1 minuto\" \/>\n<script type=\"application\/ld+json\" class=\"yoast-schema-graph\">{\"@context\":\"https:\/\/schema.org\",\"@graph\":[{\"@type\":\"WebPage\",\"@id\":\"https:\/\/fondazionecarloacutis.webelements.it\/es\/privacy-policy\/\",\"url\":\"https:\/\/fondazionecarloacutis.webelements.it\/es\/privacy-policy\/\",\"name\":\"Politica de privacidad - Fondazione Carlo Acutis\",\"isPartOf\":{\"@id\":\"https:\/\/fondazionecarloacutis.webelements.it\/es\/#website\"},\"datePublished\":\"2024-05-19T15:15:40+00:00\",\"dateModified\":\"2024-09-16T08:37:04+00:00\",\"breadcrumb\":{\"@id\":\"https:\/\/fondazionecarloacutis.webelements.it\/es\/privacy-policy\/#breadcrumb\"},\"inLanguage\":\"es\",\"potentialAction\":[{\"@type\":\"ReadAction\",\"target\":[\"https:\/\/fondazionecarloacutis.webelements.it\/es\/privacy-policy\/\"]}]},{\"@type\":\"BreadcrumbList\",\"@id\":\"https:\/\/fondazionecarloacutis.webelements.it\/es\/privacy-policy\/#breadcrumb\",\"itemListElement\":[{\"@type\":\"ListItem\",\"position\":1,\"name\":\"Home\",\"item\":\"https:\/\/fondazionecarloacutis.webelements.it\/es\/\"},{\"@type\":\"ListItem\",\"position\":2,\"name\":\"Politica de privacidad\"}]},{\"@type\":\"WebSite\",\"@id\":\"https:\/\/fondazionecarloacutis.webelements.it\/es\/#website\",\"url\":\"https:\/\/fondazionecarloacutis.webelements.it\/es\/\",\"name\":\"Fondazione Carlo Acutis\",\"description\":\"Sito Ufficiale Fondazione Carlo Acutis\",\"publisher\":{\"@id\":\"https:\/\/fondazionecarloacutis.webelements.it\/es\/#organization\"},\"potentialAction\":[{\"@type\":\"SearchAction\",\"target\":{\"@type\":\"EntryPoint\",\"urlTemplate\":\"https:\/\/fondazionecarloacutis.webelements.it\/es\/?s={search_term_string}\"},\"query-input\":{\"@type\":\"PropertyValueSpecification\",\"valueRequired\":true,\"valueName\":\"search_term_string\"}}],\"inLanguage\":\"es\"},{\"@type\":\"Organization\",\"@id\":\"https:\/\/fondazionecarloacutis.webelements.it\/es\/#organization\",\"name\":\"Fondazione Carlo Acutis\",\"url\":\"https:\/\/fondazionecarloacutis.webelements.it\/es\/\",\"logo\":{\"@type\":\"ImageObject\",\"inLanguage\":\"es\",\"@id\":\"https:\/\/fondazionecarloacutis.webelements.it\/es\/#\/schema\/logo\/image\/\",\"url\":\"https:\/\/fondazionecarloacutis.webelements.it\/wp-content\/uploads\/2024\/06\/logo-487c76feba5148a519f510677ab1bb3a.svg\",\"contentUrl\":\"https:\/\/fondazionecarloacutis.webelements.it\/wp-content\/uploads\/2024\/06\/logo-487c76feba5148a519f510677ab1bb3a.svg\",\"width\":96,\"height\":46,\"caption\":\"Fondazione Carlo Acutis\"},\"image\":{\"@id\":\"https:\/\/fondazionecarloacutis.webelements.it\/es\/#\/schema\/logo\/image\/\"}}]}<\/script>\n<!-- \/ Yoast SEO plugin. -->","yoast_head_json":{"title":"Politica de privacidad - Fondazione Carlo Acutis","robots":{"index":"noindex","follow":"follow","max-snippet":"max-snippet:-1","max-image-preview":"max-image-preview:large","max-video-preview":"max-video-preview:-1"},"og_locale":"es_ES","og_type":"article","og_title":"Politica de privacidad - Fondazione Carlo Acutis","og_description":"En esta secci\u00f3n, la Fundaci\u00f3n Carlo Acutis ONLUS informa a sus interesados, donantes, usuarios del sitio y a otras personas f\u00edsicas con las que mantiene relaciones directas o indirectas (en adelante, \u00abInteresados\u00bb) sobre c\u00f3mo y para qu\u00e9 fines trata los datos personales as\u00ed como sobre la forma de ejercer el correspondiente derecho de privacidad. La [&hellip;]","og_url":"https:\/\/fondazionecarloacutis.webelements.it\/es\/privacy-policy\/","og_site_name":"Fondazione Carlo Acutis","article_modified_time":"2024-09-16T08:37:04+00:00","twitter_card":"summary_large_image","twitter_misc":{"Tiempo de lectura":"1 minuto"},"schema":{"@context":"https:\/\/schema.org","@graph":[{"@type":"WebPage","@id":"https:\/\/fondazionecarloacutis.webelements.it\/es\/privacy-policy\/","url":"https:\/\/fondazionecarloacutis.webelements.it\/es\/privacy-policy\/","name":"Politica de privacidad - Fondazione Carlo Acutis","isPartOf":{"@id":"https:\/\/fondazionecarloacutis.webelements.it\/es\/#website"},"datePublished":"2024-05-19T15:15:40+00:00","dateModified":"2024-09-16T08:37:04+00:00","breadcrumb":{"@id":"https:\/\/fondazionecarloacutis.webelements.it\/es\/privacy-policy\/#breadcrumb"},"inLanguage":"es","potentialAction":[{"@type":"ReadAction","target":["https:\/\/fondazionecarloacutis.webelements.it\/es\/privacy-policy\/"]}]},{"@type":"BreadcrumbList","@id":"https:\/\/fondazionecarloacutis.webelements.it\/es\/privacy-policy\/#breadcrumb","itemListElement":[{"@type":"ListItem","position":1,"name":"Home","item":"https:\/\/fondazionecarloacutis.webelements.it\/es\/"},{"@type":"ListItem","position":2,"name":"Politica de privacidad"}]},{"@type":"WebSite","@id":"https:\/\/fondazionecarloacutis.webelements.it\/es\/#website","url":"https:\/\/fondazionecarloacutis.webelements.it\/es\/","name":"Fondazione Carlo Acutis","description":"Sito Ufficiale Fondazione Carlo Acutis","publisher":{"@id":"https:\/\/fondazionecarloacutis.webelements.it\/es\/#organization"},"potentialAction":[{"@type":"SearchAction","target":{"@type":"EntryPoint","urlTemplate":"https:\/\/fondazionecarloacutis.webelements.it\/es\/?s={search_term_string}"},"query-input":{"@type":"PropertyValueSpecification","valueRequired":true,"valueName":"search_term_string"}}],"inLanguage":"es"},{"@type":"Organization","@id":"https:\/\/fondazionecarloacutis.webelements.it\/es\/#organization","name":"Fondazione Carlo Acutis","url":"https:\/\/fondazionecarloacutis.webelements.it\/es\/","logo":{"@type":"ImageObject","inLanguage":"es","@id":"https:\/\/fondazionecarloacutis.webelements.it\/es\/#\/schema\/logo\/image\/","url":"https:\/\/fondazionecarloacutis.webelements.it\/wp-content\/uploads\/2024\/06\/logo-487c76feba5148a519f510677ab1bb3a.svg","contentUrl":"https:\/\/fondazionecarloacutis.webelements.it\/wp-content\/uploads\/2024\/06\/logo-487c76feba5148a519f510677ab1bb3a.svg","width":96,"height":46,"caption":"Fondazione Carlo Acutis"},"image":{"@id":"https:\/\/fondazionecarloacutis.webelements.it\/es\/#\/schema\/logo\/image\/"}}]}},"_links":{"self":[{"href":"https:\/\/fondazionecarloacutis.webelements.it\/es\/wp-json\/wp\/v2\/pages\/1039"}],"collection":[{"href":"https:\/\/fondazionecarloacutis.webelements.it\/es\/wp-json\/wp\/v2\/pages"}],"about":[{"href":"https:\/\/fondazionecarloacutis.webelements.it\/es\/wp-json\/wp\/v2\/types\/page"}],"author":[{"embeddable":true,"href":"https:\/\/fondazionecarloacutis.webelements.it\/es\/wp-json\/wp\/v2\/users\/1"}],"replies":[{"embeddable":true,"href":"https:\/\/fondazionecarloacutis.webelements.it\/es\/wp-json\/wp\/v2\/comments?post=1039"}],"version-history":[{"count":1,"href":"https:\/\/fondazionecarloacutis.webelements.it\/es\/wp-json\/wp\/v2\/pages\/1039\/revisions"}],"predecessor-version":[{"id":1049,"href":"https:\/\/fondazionecarloacutis.webelements.it\/es\/wp-json\/wp\/v2\/pages\/1039\/revisions\/1049"}],"wp:attachment":[{"href":"https:\/\/fondazionecarloacutis.webelements.it\/es\/wp-json\/wp\/v2\/media?parent=1039"}],"curies":[{"name":"wp","href":"https:\/\/api.w.org\/{rel}","templated":true}]}}

<div class="fca-spacer spacer-block_c8e0868dad032dff17b6cc28efd1b0e0"  style="--height: 20px; --heightTablet: 20px; --heightMobile: 20px;"></div>


<p>En esta sección, la Fundación Carlo Acutis ONLUS informa a sus interesados, donantes, usuarios del sitio y a otras personas físicas con las que mantiene relaciones directas o indirectas (en adelante, «Interesados») sobre cómo y para qué fines trata los datos personales así como sobre la forma de ejercer el correspondiente derecho de privacidad. La transparencia es el concepto clave que inspira los contenidos de esta Sección y que orienta su selección y la forma de comunicación elegida. También se indican los canales y las formas establecidas para ponerse en contacto con el Responsable del tratamiento (Fundación Carlo Acutis ONLUS) y con el Encargado de la protección de los datos para cuestiones relacionadas con la privacidad. En virtud de los artículos 13/14 del Reglamento UE 2016/679, en esta página se publican las versiones más actualizadas de la política de privacidad adoptada por la Fundación Carlo Acutis ONLUS para el tratamiento de los datos personales en el marco de su actividad institucional.</p>


<div class="fca-spacer spacer-block_66888999196a7017ea82a387e28f546d"  style="--height: 35px; --heightTablet: 35px; --heightMobile: 35px;"></div>

<section class="fca-files files-block_6ea3ca3657e4df360d52418bd6608f03" >	<div class="title">Politica de privacidad</div>	<div class="body"><a href="https://fondazionecarloacutis.webelements.it/wp-content/uploads/2024/08/PRIVACY-POLICY-PER-VISITATORI-SITO-Espanol.pdf" target="_blank" class="row" style="--bg: var(--gradient);">	<div class="file-icon">		<img decoding="async" alt="file-icon" src="https://fondazionecarloacutis.webelements.it/wp-content/themes/fondazionecarloacutis/assets/img/pdf.svg">	</div>	<div class="file-name">Sitio web de fondazionecarloacutis.org</div>	<img decoding="async" alt="download-icon" src="https://fondazionecarloacutis.webelements.it/wp-content/themes/fondazionecarloacutis/assets/img/download.svg" class="download-icon"></a>	</div></section>

<div class="fca-spacer spacer-block_b524145032c65de3ce4258c8ccb20954"  style="--height: 70px; --heightTablet: 70px; --heightMobile: 70px;"></div>

<p>En esta sección, la Fundación Carlo Acutis ONLUS informa a sus interesados, donantes, usuarios del sitio y a otras personas físicas con las que mantiene relaciones directas o indirectas (en adelante, «Interesados») sobre cómo y para qué fines trata los datos personales así como sobre la forma de ejercer el correspondiente derecho de privacidad. La [&hellip;]</p>

<!-- This site is optimized with the Yoast SEO plugin v23.4 - https://yoast.com/wordpress/plugins/seo/ -->
<title>Politica de privacidad - Fondazione Carlo Acutis</title>
<meta name="robots" content="noindex, follow, max-snippet:-1, max-image-preview:large, max-video-preview:-1" />
<meta property="og:locale" content="es_ES" />
<meta property="og:type" content="article" />
<meta property="og:title" content="Politica de privacidad - Fondazione Carlo Acutis" />
<meta property="og:description" content="En esta sección, la Fundación Carlo Acutis ONLUS informa a sus interesados, donantes, usuarios del sitio y a otras personas físicas con las que mantiene relaciones directas o indirectas (en adelante, «Interesados») sobre cómo y para qué fines trata los datos personales así como sobre la forma de ejercer el correspondiente derecho de privacidad. La [&hellip;]" />
<meta property="og:url" content="https://fondazionecarloacutis.webelements.it/es/privacy-policy/" />
<meta property="og:site_name" content="Fondazione Carlo Acutis" />
<meta property="article:modified_time" content="2024-09-16T08:37:04+00:00" />
<meta name="twitter:card" content="summary_large_image" />
<meta name="twitter:label1" content="Tiempo de lectura" />
	<meta name="twitter:data1" content="1 minuto" />
<script type="application/ld+json" class="yoast-schema-graph">{"@context":"https://schema.org","@graph":[{"@type":"WebPage","@id":"https://fondazionecarloacutis.webelements.it/es/privacy-policy/","url":"https://fondazionecarloacutis.webelements.it/es/privacy-policy/","name":"Politica de privacidad - Fondazione Carlo Acutis","isPartOf":{"@id":"https://fondazionecarloacutis.webelements.it/es/#website"},"datePublished":"2024-05-19T15:15:40+00:00","dateModified":"2024-09-16T08:37:04+00:00","breadcrumb":{"@id":"https://fondazionecarloacutis.webelements.it/es/privacy-policy/#breadcrumb"},"inLanguage":"es","potentialAction":[{"@type":"ReadAction","target":["https://fondazionecarloacutis.webelements.it/es/privacy-policy/"]}]},{"@type":"BreadcrumbList","@id":"https://fondazionecarloacutis.webelements.it/es/privacy-policy/#breadcrumb","itemListElement":[{"@type":"ListItem","position":1,"name":"Home","item":"https://fondazionecarloacutis.webelements.it/es/"},{"@type":"ListItem","position":2,"name":"Politica de privacidad"}]},{"@type":"WebSite","@id":"https://fondazionecarloacutis.webelements.it/es/#website","url":"https://fondazionecarloacutis.webelements.it/es/","name":"Fondazione Carlo Acutis","description":"Sito Ufficiale Fondazione Carlo Acutis","publisher":{"@id":"https://fondazionecarloacutis.webelements.it/es/#organization"},"potentialAction":[{"@type":"SearchAction","target":{"@type":"EntryPoint","urlTemplate":"https://fondazionecarloacutis.webelements.it/es/?s={search_term_string}"},"query-input":{"@type":"PropertyValueSpecification","valueRequired":true,"valueName":"search_term_string"}}],"inLanguage":"es"},{"@type":"Organization","@id":"https://fondazionecarloacutis.webelements.it/es/#organization","name":"Fondazione Carlo Acutis","url":"https://fondazionecarloacutis.webelements.it/es/","logo":{"@type":"ImageObject","inLanguage":"es","@id":"https://fondazionecarloacutis.webelements.it/es/#/schema/logo/image/","url":"https://fondazionecarloacutis.webelements.it/wp-content/uploads/2024/06/logo-487c76feba5148a519f510677ab1bb3a.svg","contentUrl":"https://fondazionecarloacutis.webelements.it/wp-content/uploads/2024/06/logo-487c76feba5148a519f510677ab1bb3a.svg","width":96,"height":46,"caption":"Fondazione Carlo Acutis"},"image":{"@id":"https://fondazionecarloacutis.webelements.it/es/#/schema/logo/image/"}}]}</script>
<!-- / Yoast SEO plugin. -->

En esta sección, la Fundación Carlo Acutis ONLUS informa a sus interesados, donantes, usuarios del sitio y a otras personas físicas con las que mantiene relaciones directas o indirectas (en adelante, «Interesados») sobre cómo y para qué fines trata los datos personales así como sobre la forma de ejercer el correspondiente derecho de privacidad. La [&hellip;]
